5701.
59
What is the remainder when 61589 is divided by 216?
29
Calculate the remainder when 134024 is divided by 1944.
1832
Calculate the remainder when 1583856 is divided by 1583819.
37
What is the remainder when 279556289 is divided by 80194?
5
Calculate the remainder when 219338410 is divided by 11.
5
Calculate the remainder when 2929660 is divided by 208.
188
Calculate the remainder when 2146424 is divided by 26829.
104
Calculate the remainder when 14754001 is divided by 486.
13
Calculate the remainder when 219429 is divided by 188.
33
What is the remainder when 19513829 is divided by 19513826?
3
What is the remainder when 16717174 is divided by 861?
859
What is the remainder when 67787 is divided by 26?
5
Calculate the remainder when 281080 is divided by 278387.
2693
Calculate the remainder when 49095 is divided by 91.
46
What is the remainder when 980428 is divided by 980416?
12
What is the remainder when 897710 is divided by 304?
302
Calculate the remainder when 11196012 is divided by 104.
100
What is the remainder when 5415382 is divided by 11?
5
Calculate the remainder when 68322 is divided by 34084.
154
What is the remainder when 3399845 is divided by 270?
5
What is the remainder when 569848 is divided by 4417?
55
Calculate the remainder when 88977107 is divided by 235.
232
What is the remainder when 302281 is divided by 7703?
1864
What is the remainder when 891822 is divided by 82?
72
What is the remainder when 244506 is divided by 27167?
3
Calculate the remainder when 801521 is divided by 243.
107
Calculate the remainder when 1735774 is divided by 514.
510
Calculate the remainder when 3376975 is divided by 274.
199
Calculate the remainder when 901816 is divided by 244.
236
Calculate the remainder when 9876477 is divided by 4.
1
What is the remainder when 51320719 is divided by 29?
28
What is the remainder when 2164677 is divided by 116?
1
Calculate the remainder when 38078 is divided by 17930.
2218
Calculate the remainder when 59398 is divided by 29669.
60
What is the remainder when 10195719 is divided by 28?
23
What is the remainder when 5890460 is divided by 3258?
3254
Calculate the remainder when 3721485 is divided by 76.
69
Calculate the remainder when 3351963 is divided by 395.
388
Calculate the remainder when 7913874 is divided by 260.
254
Calculate the remainder when 47440 is divided by 3872.
976
What is the remainder when 112435 is divided by 1331?
631
Calculate the remainder when 54224 is divided by 3824.
688
Calculate the remainder when 3919881 is divided by 5723.
5349
Calculate the remainder when 14126214 is divided by 11831.
0
Calculate the remainder when 537161 is divided by 496.
489
What is the remainder when 78139165 is divided by 305?
300
What is the remainder when 22418648 is divided by 2605?
18
Calculate the remainder when 107672 is divided by 35278.
1838
What is the remainder when 1706151 is divided by 19?
8
What is the remainder when 79309 is divided by 37736?
3837
What is the remainder when 3382071 is divided by 1469?
433
What is the remainder when 1220701 is divided by 406611?
868
What is the remainder when 10774628 is divided by 144?
116
Calculate the remainder when 4376371 is divided by 113.
107
Calculate the remainder when 761440 is divided by 2829.
439
Calculate the remainder when 64756 is divided by 12938.
66
What is the remainder when 4485496 is divided by 846?
4
Calculate the remainder when 13111240 is divided by 13475.
65
Calculate the remainder when 92597771 is divided by 819.
812
Calculate the remainder when 2021305 is divided by 657.
373
Calculate the remainder when 284339 is divided by 284334.
5
Calculate the remainder when 6795649 is divided by 2349.
2341
Calculate the remainder when 5732539 is divided by 164.
83
Calculate the remainder when 6852273 is divided by 3211.
3210
What is the remainder when 258120 is divided by 3752?
2984
What is the remainder when 3814639 is divided by 146714?
75
What is the remainder when 121189871 is divided by 121189868?
3
What is the remainder when 417573 is divided by 762?
759
What is the remainder when 885003 is divided by 528?
75
What is the remainder when 4270374 is divided by 1345?
1344
Calculate the remainder when 4939879 is divided by 39.
22
Calculate the remainder when 60271 is divided by 59753.
518
What is the remainder when 494151759 is divided by 15?
9
What is the remainder when 203908 is divided by 10680?
988
Calculate the remainder when 1384725 is divided by 352.
309
Calculate the remainder when 37907 is divided by 757.
57
Calculate the remainder when 108617 is divided by 614.
553
Calculate the remainder when 87544 is divided by 1869.
1570
What is the remainder when 16378072 is divided by 79121?
25
What is the remainder when 1631875 is divided by 70950?
25
Calculate the remainder when 9702333 is divided by 1377.
1368
What is the remainder when 17036 is divided by 40?
36
What is the remainder when 200101659 is divided by 2305?
2304
What is the remainder when 381666 is divided by 95117?
1198
Calculate the remainder when 53020029 is divided by 1032.
1029
What is the remainder when 3870078 is divided by 80?
78
What is the remainder when 32722551 is divided by 494?
485
What is the remainder when 32857169 is divided by 325?
319
Calculate the remainder when 58260 is divided by 1484.
384
Calculate the remainder when 165116939 is divided by 5531.
5527
What is the remainder when 5276003 is divided by 28989?
5
What is the remainder when 231779 is divided by 1317?
1304
Calculate the remainder when 22320 is divided by 692.
176
What is the remainder when 9626449 is divided by 294?
7
What is the remainder when 130585 is divided by 1441?
895
What is the remainder when 3727176 is divided by 3106?
3082
What is the remainder when 655439 is divided by 235?
24
Calculate the remainder when 127443856 is divided by 2939.
2938
Calculate the remainder when 7145 is divided by 547.
34
What is the remainder when 265072 is divided by 440?
192
What is the remainder when 451603 is divided by 11290?
3
Calculate the remainder when 278327172 is divided by 645.
642
Calculate the remainder when 72728818 is divided by 236.
226
Calculate the remainder when 2923143 is divided by 4497.
93
Calculate the remainder when 13310 is divided by 12955.
355
What is the remainder when 106119 is divided by 4081?
13
What is the remainder when 676935725 is divided by 193?
191
What is the remainder when 379961 is divided by 153?
62
What is the remainder when 15444436 is divided by 44?
40
Calculate the remainder when 2250943 is divided by 211.
206
What is the remainder when 4522537 is divided by 1507511?
4
Calculate the remainder when 1211 is divided by 250.
211
What is the remainder when 336291 is divided by 52?
7
What is the remainder when 180298 is divided by 4276?
706
What is the remainder when 2710925 is divided by 110?
85
Calculate the remainder when 86248380 is divided by 188.
184
What is the remainder when 31731 is divided by 2650?
2581
What is the remainder when 124642813 is divided by 38?
1
What is the remainder when 5966108 is divided by 4317?
14
What is the remainder when 14806177 is divided by 339?
13
Calculate the remainder when 22336411 is divided by 2115.
2011
What is the remainder when 864417 is divided by 86437?
47
Calculate the remainder when 1368278 is divided by 15.
8
Calculate the remainder when 223178 is divided by 2789.
58
Calculate the remainder when 94220 is divided by 13297.
1141
Calculate the remainder when 379961 is divided by 29226.
23
What is the remainder when 8235 is divided by 2052?
27
Calculate the remainder when 501607 is divided by 249959.
1689
What is the remainder when 317284391 is divided by 487?
482
What is the remainder when 95421530 is divided by 2077?
2073
Calculate the remainder when 9858515 is divided by 886.
879
Calculate the remainder when 884630 is divided by 193.
111
What is the remainder when 73861704 is divided by 5?
4
What is the remainder when 80109754 is divided by 637?
634
What is the remainder when 7704177 is divided by 396?
393
What is the remainder when 14406 is divided by 311?
100
Calculate the remainder when 1536727 is divided by 384165.
67
What is the remainder when 42228753 is divided by 58327?
5
Calculate the remainder when 128387 is divide